 = -y - 5. Let b be c(k). Let d be 36/21 + b/7. Let h(o) = -o - 2. Give h(d).
-4
Let k(n) = -5 - 4*n + 0 + 0*n + 3*n. Suppose -1 = -5*u + 4. Let x = u + -1. What is k(x)?
-5
Let v(o) = -o**3 - 3*o**2 - 4*o - 2. Let w = -10 + 11. Let k(y) = 10*y**3 - 2*y + 1. Let d be k(w). Suppose d - 7 = -f. Determine v(f).
2
Let r be 10 - (11/(-33) + (-4)/(-3)). Suppose 0 = -4*n - 11 - r. Let b(a) = -2*a + 1. Give b(n).
11
Suppose q + 7*q = 40. Let k be 24 + 1/(q/(-20)). Suppose k = 5*s - 10*s. Let l(t) = -t**3 - 3*t**2 + 3*t + 4. Give l(s).
8
Let l(z) = 1 + 324*z - 108*z - 111*z - 112*z. Give l(2).
-13
Let h(u) = -2*u**2 - 7*u - 4. Suppose -145*t + 153*t + 56 = 0. What is h(t)?
-53
Let a(g) be the second derivative of g**6/360 - g**5/60 - 5*g**3/3 - 17*g. Let q(h) be the second derivative of a(h). What is q(2)?
0
Suppose -5*i + c + 11 = 0, -4*i - 2*c = -5*c. Let z(w) = 2 - i - 3*w - 2*w + w**2 + 2. Calculate z(4).
-3
Let p(a) = -a**2 - a. Let w(t) = 4*t**2 - 4*t + 3. Let l(m) = -3*p(m) - w(m). Calculate l(7).
-3
Let u(o) be the first derivative of 9 - o - 1/2*o**2. What is u(5)?
-6
Let k be (8 + -11)*14/(-6). Suppose v + k = 2*v - l, -20 = 5*l. Let t(w) = 6*w**2 + 6*w + 2*w**v - w**3 - 6 - w. Calculate t(-5).
-6
Let k = -15464 - -15460. Let d(y) = -y**3 + 4*y**2 - 4*y + 2. Let n be d(2). Let g(m) = m**2 - 2*m**n - m + 1 - 2*m. Determine g(k).
-3
Let y be (-9 - (-36)/6) + 3. Let q(f) be the third derivative of -5/3*f**3 + y + 1/24*f**4 + 2*f**2 + 0*f. Determine q(0).
-10
Let i = -396 - -386. Let s(r) = r**3 + 9*r**2 - 10*r + 8. What is s(i)?
8
Let m(l) = l**3 - l**2 - 4*l + 1. Let w(d) = -d**3 + 3*d**2 - 8*d + 22. Let h be w(3). Determine m(h).
-3
Suppose 23*r = 30*r - 126. Suppose 3*j + r = -12*x + 10*x, j - 4 = x. Let u(a) = a**3 + 7*a**2 + 8*a + 6. What is u(x)?
-6
Suppose -w - 4*y + 3 = -6, -3*w - 2*y = -7. Let g(b) = -22*b**2 + 3*b - 1. Give g(w).
-20
Let t(v) = 3*v + 6. Let i(h) = h + 1. Let g(b) = -4*i(b) + t(b). Let d be 3/(9/(36/4)). Determine g(d).
-1
Let a(o) be the second derivative of -o**6/40 + o**5/30 - o**4/24 + o**3/6 - 14*o**2 - 13*o. Let r(m) be the first derivative of a(m). Give r(2).
-17
Let k = 336 - 200. Let a(j) = 137*j**3 - 5 - 2*j**2 - 2*j - k*j**3 + 1. What is a(3)?
-1
Let b(k) = -k**2 + 17*k - 2173317 + 2173317. Determine b(17).
0
Let d(h) = -5*h**2 - 3. Let c(w) be the third derivative of -w**5/10 - 2*w**3/3 + 7*w**2. Let g(t) = -4*c(t) + 5*d(t). What is g(1)?
0
Let j(o) be the third derivative of -o**5/60 + o**4/8 - o**3/6 + 665*o**2. Determine j(7).
-29
Suppose 123 = -2*b + 117. Let u(c) = -3*c - 1. What is u(b)?
8
Let a(w) = -2*w**3 - 2*w**2 - 2*w - 8. Let m be a(-2). Let i(r) = r**3 - 5*r**2 + 5*r - 10. Give i(m).
-6
Let j(d) be the third derivative of d**6/360 + d**5/60 + d**4/24 + 5*d**3/6 - 4*d**2. Let y(f) be the first derivative of j(f). Calculate y(2).
9
Let n(x) = -x**3 - 4*x**2 - 6*x. Let o be n(-2). Let v(f) = -f**3 + 4*f**2 + 3*f - 7. What is v(o)?
5
Let k(j) = j**3 - 7*j**2 + 7*j - 5. Suppose 6*d - 2*g - 20 = 2*d, -3*d + 4*g + 10 = 0. Suppose 5*t = 4*t + d. Give k(t).
1
Let n = -20 + 24. Suppose -14 - n = 3*r. Let l(c) = c**3 + 5*c**2 - 7*c + 4. Let f(u) = u + 1. Let w(b) = 4*f(b) + l(b). What is w(r)?
-10
Let b(c) be the first derivative of 11/2*c**2 + 11 - c. Calculate b(1).
10
Let z be (-1080)/594 + 1 + 26/(-22). Let i(u) = -u**3 + u**2 + 3*u + 2. Give i(z).
8
Suppose t = 4*i + i - 1, 4*i = 5*t + 5. Let u be 4 - (-2 - i)/2. Let z(f) = -3*f + 7. Calculate z(u).
-8
Let g(p) be the third derivative of -p**5/60 - 5*p**4/24 + p**3/6 + p**2. Let m(v) = 4*v + 10. Let n be (3/6)/((-4)/32). Let s be m(n). Calculate g(s).
-5
Suppose 49 + 21 = -10*v. Let n(f) = -2*f + 5. Give n(v).
19
Let r = -4507 - -4506. Let t(q) = -q. Let c(m) = -m. Let h(p) = 9*c(p) - 4*t(p). Determine h(r).
5
Suppose -i - 4*a = -8, -2*i + a - 1 - 1 = 0. Suppose i = 4*k + 14 + 18. Let n(y) = 2*y + 10. Determine n(k).
-6
Let a(g) = -g**3 - 6*g**2 - 5*g + 1. Let c(l) = -6*l**3 - 1. Suppose -5*o + 4*o = 1. Let z be c(o). Suppose 0*b = b + z. What is a(b)?
1
Let x = -14 + 22. Let a(i) = i - x*i**3 + 0 + 1 - 2 - 7*i**3. Determine a(1).
-15
Let i be 6/8 + 143/44 - 2. Let c(p) = 1 - 14*p**2 + 8*p**2 + i*p + 8*p**2 + 0. Suppose 0 = 3*m + 2 + 4. Calculate c(m).
5
Let j(r) = -3*r**3 - 15*r**2 + 6*r - 7. Let b(a) = 4*a**3 + 22*a**2 - 9*a + 11. Let l(u) = 5*b(u) + 7*j(u). Let d = -7 - -4. Let f = 2 - d. Give l(f).
-9
Let h(z) = -3 - 3*z**3 - 12*z**2 - 7*z**2 + 15*z**2 - 13*z**2 + 5*z. Let w be h(-6). Let u(o) = -3*o**2 + o + 4. What is u(w)?
-20
Suppose 5*l - 13 = -4*v - 52, -5*v + 23 = -4*l. Let q(j) be the third derivative of -j**4/24 - j**3/3 + j**2. What is q(l)?
5
Let p(k) = k**2 - 4*k - 1. Let u be p(4). Let n(a) be the second derivative of -9*a**5/20 + a**4/12 - a**2/2 - 14*a - 2. Give n(u).
9
Let k(x) = -8*x. Let t(i) = -i. Let b(f) = -f - 11. Let n be b(-10). Let g(m) = n*k(m) - 3*t(m). What is g(-1)?
-11
Let w(b) = b**2 + 7*b + 6. Let a be w(-4). Let c(j) = j**3 + 6*j**2 - 6*j - 4. Let i be c(a). Let u = -29 + i. Let g(p) = -p**2 - p + 2. Give g(u).
-10
Let m(x) be the third derivative of -x**6/60 - x**5/20 - x**4/8 - x**3/6 - 36*x**2 + 2. Calculate m(-2).
9
Let v(l) = -22*l**3 - 2*l**2 - l + 2. Suppose 2*z = 4*q + 22, 0 = -3*z - q - 18 + 16. Calculate v(z).
-23
Let d(k) = 9 - 10 - 7*k + 6*k. Let c(h) = h**2 + 3*h - 6. Let i(l) = c(l) - 3*d(l). Determine i(-5).
-8
Let t(r) = r**2 + 2*r - 2. Let h(s) = s**2 + s + 17. Let c(f) = h(f) - 2*t(f). Determine c(-7).
-7
Let w be -2*(7 + 36/(-6)). Let a(u) = 2*u**3 - 1. What is a(w)?
-17
Let j(g) be the second derivative of -g**4/3 + g**3/6 + g**2 + g. Suppose -c + 3*c + 38 = 0. Let k(m) = -2*m**2 - 37*m + 17. Let t be k(c). Give j(t).
-16
Suppose -29 - 11 = -10*v. Let z(o) = o**2 + v - 7*o + 13 - 16. What is z(7)?
1
Let q(g) = g**3 - 9*g**2 + 8*g + 7. Let w be q(8). Let o be (-2)/4 - w/2. Let p be o/6 + 2/(-6). Let b(c) = -7*c**3 - 2*c**2 + 1. Calculate b(p).
6
Let t(c) be the second derivative of 12*c + 0 + 4/3*c**3 + 7/12*c**4 + 0*c**2 + 1/20*c**5. What is t(-6)?
-12
Let s(d) = d**3 + 8*d**2 + d + 7. Let y be -8*(1 - (2 + -2)). Let a be s(y). Let k(v) = 17*v + 1. What is k(a)?
-16
Let k(u) = 26*u - 6. Let q be k(7). Let c(z) = q*z + 0 - 181*z - 1 - z**2. Suppose -37 = 5*m - 4*o, o + 3*o - 2 = -2*m. Give c(m).
-1
Let s be 5*(-1)/(10/(-12)). Suppose -s*b + b = 15. Let f(t) = 3*t**2 - 3*t**2 + 3*t**2 - 2*t**2 + 2. Calculate f(b).
11
Let p be (-10)/5 + -7 + 6/1. Let b(n) = -n**2 + n**2 - n**2 + 2*n**2 + n. Determine b(p).
6
Suppose 33 = 21*i - 9. Let l(t) = 5 + 4*t - t**3 - 5*t**2 + 3*t**2 - 7. Determine l(i).
-10
Let f be ((-3)/(-2))/((-252)/(-504)). Let x(s) be the third derivative of -s**5/40 - s**3/6 + s**2. Let d(z) be the first derivative of x(z). What is d(f)?
-9
Let o(i) = -i + 5. Let l be o(0). Suppose 0*g + 529 = 23*g. Let w(k) = -g + 15 + 14 - 6*k + k**3 - 4*k**2 + 0*k**2. Give w(l).
1
Let w be (26 + 2)/(-4) + 2. Let y be (w + 2)/(-2 + 1). Let l(m) be the first derivative of 2*m**3/3 - 3*m**2/2 - 2*m + 1. Calculate l(y).
7
Suppose f = 7*f - 24. Let u(v) = 9*v**2 - v + 1. Let z be u(1). Suppose f*i - 5 + z = 0. Let r(k) = -k**2 + k + 1. Calculate r(i).
-1
Let t(y) = 3*y**2 - y - 2. Let m be t(2). Suppose 4*a - 3*v - 27 + m = 0, 0 = 2*a - 5*v + 1. Let g(c) = -a - 4*c + 4*c - 6*c + c**2 + 12*c. Give g(-7).
0
Let z(u) = -19 + 9 + 8 + 31*u - 28*u. Give z(4).
10
Let q(p) = -6*p - p**2 + 3*p**2 - p + 12 + 4*p - 7*p. What is q(6)?
24
Let n(p) = -14*p**3 - 9*p**2 + 8*p + 25. Let v(i) = 5*i**3 + 3*i**2 - 3*i - 9. Let f(h) = 4*n(h) + 11*v(h). Give f(-1).
0
Let y(q) = 2*q**3 - 3*q**2 + 2*q + 1. Suppose v = -2*z + 5*z + 15, 19 = v - 4*z. Calculate y(v).
34
Let v(u) = 2*u + 3. Let l = 429 + -433. Determine v(l).
-5
Suppose 2*h - 2 = -2*v - 0*h, -7 = -2*v - 3*h. Let f = 9 + v. Let c(b) = 0*b**3 + b**3 - 2*b**3 + 2*b - 3*b**2 - f. What is c(-4)?
3
Let u = 1 - -2. Let c(r) = -5*r**u - 3 + 4*r**3 + r**2 - 5*r**2 + 5. Let o(b) = -b**3 - 2*b**2 + b - 4. Let l be o(0). Determine c(l).
2
Let s(x) = -6*x + 3. Let j be 73/11 - 436/(-1199). Give s(j).
-39
Suppose -21 = 2*h - 5*u, u - 6 = -4*h - 37. Let v = -14 - h. Let t(j) = -j**3 - 7*j**2 - 5*j + 7. What is t(v)?
1
Let p(s) = s**2 - 11*s + 16. Let i be p(10). Suppose d =